d by 2?
0
Let m(i) = 22*i - 9. What is the remainder when m(4) is divided by 20?
19
Let i(u) be the second derivative of u**5/20 + 2*u**4/3 - 5*u**3/3 + 3*u**2/2 - 2*u. What is the remainder when 47 is divided by i(-9)?
11
Suppose 6*x - 1260 = -12*x. Let l(d) = -2 - d - 2*d**2 + 7*d**2 + 4*d. What is the remainder when x is divided by l(2)?
22
What is the remainder when 6 is divided by 4/(-2) + (3 + 7 - 6)?
0
Suppose -9*p = -4*p - 10. Suppose f = -p, 2*x = -f - 39 + 133. Calculate the remainder when x is divided by 30/(-4)*20/(-6).
23
Let r = -2 - -47. What is the remainder when r is divided by 12?
9
Suppose -3*d + 0*d + 47 = 4*y, 4*d = 3*y - 29. Let l = 2 - -2. Suppose -4*j + 132 = 2*a, -l*j = -3*a - 31 - 91. What is the remainder when j is divided by y?
10
Suppose -2*p - 40 = -7*p. Let i = p - 4. Calculate the remainder when -3*4/(-18)*15 is divided by i.
2
Let b(r) = 8*r - 10. What is the remainder when 57 is divided by b(5)?
27
Calculate the remainder when 30 is divided by ((-4)/(-5))/((-8)/(-80)).
6
Suppose 4*a - 24 = -4*y + 8, -5*y - 3*a = -30. Suppose 0 = y*j + j - 184. Calculate the remainder when j is divided by 16.
14
Let z(m) = -m**2 + m. Let o be z(1). Let k(d) = d - 3. Let y be k(o). Calculate the remainder when (-2)/y*(-141)/(-2) is divided by 16.
15
Suppose -34 = -3*p + 2*j, 5*p - 48 = -3*j + 34. Calculate the remainder when 110 is divided by p.
12
Let r(s) = 2*s + 11. What is the remainder when r(12) is divided by (1 + 12 - 1) + 0?
11
Suppose 4*z - 218 = -50. Suppose 2*q = -0*q + z. What is the remainder when 41 is divided by q?
20
Let s = -6 - -20. Let b(g) = g**3 + 5*g**2 + 6. Let r be b(-5). What is the remainder when s is divided by ((-3)/r)/(2/(-20))?
4
Suppose c = -c - 4*b + 26, c - 13 = -3*b. What is the remainder when 23 is divided by c?
10
Suppose 5*q - 1 - 2 = 2*t, 4*t - 1 = 3*q. Calculate the remainder when 31 is divided by 32/(q - (0 + -1)).
15
Let q(l) = 2*l**2 + 4*l + 2. Suppose 18 = 5*i + 3. Calculate the remainder when i is divided by q(-2).
1
Let b(y) = y + 2. Let x be b(0). Suppose -x*t + 3*t = 0. Suppose 3*s - 3*o - 261 = t, -3*s + o = -0*s - 251. Calculate the remainder when s is divided by 28.
26
Suppose -3*a = a - 20. Calculate the remainder when 32 is divided by a.
2
Suppose 22*w + 140 = 32*w. Let g = -15 - -23. Let t = w - g. Calculate the remainder when 17 is divided by t.
5
Suppose -2*m + 7 = -m. Suppose -2*t + m + 1 = 0. Calculate the remainder when 7 is divided by t.
3
Suppose -10 = 5*o, 2*t = -t - o + 22. Let p = -3 + 21. Suppose 2*m - 4*j - p = -0*m, 4*j = 3*m - 33. What is the remainder when m is divided by t?
7
Suppose -b = 4*m - 118, -3*m + b + 98 = -3*b. Calculate the remainder when 147 is divided by m.
27
Let n(t) = 3 + 5 + 0*t - 1 + t. What is the remainder when 47 is divided by n(5)?
11
Let r(k) = 53*k - 5. What is the remainder when r(2) is divided by 38?
25
Suppose -5*q - 2*b + 225 = 0, 0 = -2*b - 1 - 9. Suppose -34 = -4*p - 2*u, p - 6*p + q = -2*u. What is the remainder when 34 is divided by p?
7
Let o(c) = 5*c + 4. Calculate the remainder when 41 is divided by o(2).
13
Suppose -j + 125 = 4*j. Calculate the remainder when j is divided by 13.
12
Let m(q) = q**3 - 5*q**2 - 7*q + 6. Let v be m(6). Let n be (-8 + v + 2)/(-1). Suppose 0 = -n*o + o + 70. Calculate the remainder when 26 is divided by o.
12
Let k = 9 + -7. Suppose -3*r + 9 = -k*r. Calculate the remainder when 24 is divided by r.
6
Suppose j - 4*q + 10 = 0, -30 = 2*j + 5*q + 3. Let x = j - -25. Calculate the remainder when 43 is divided by x.
10
Let z(n) = -44*n**3 - 5*n - 4. What is the remainder when z(-1) is divided by 25?
20
Let b(y) = y**3 + 8*y**2 + 4*y + 3. Let s = -74 + 87. Calculate the remainder when b(-6) is divided by s.
12
Let g(c) = -14*c - 1. Calculate the remainder when 24 is divided by g(-1).
11
Let u(k) = -k**3 + 9*k**2 - 7*k - 2. Suppose -5 = 4*n - 21. Calculate the remainder when u(8) is divided by n.
2
Let z(k) = 2*k**2 - 3*k + 1. Let f(j) = -5*j - 5. Calculate the remainder when f(-2) is divided by z(2).
2
Suppose -4*s - 450 = -2*l, 10*s - 5*s + 4*l + 556 = 0. What is the remainder when s*(4 - 18/4) is divided by 20?
16
Suppose 3*o = 4*n - 6, 2*n + 2 = -3*o + 2*o. Suppose n = -2*b + 13 + 5. What is the remainder when b is divided by 6?
3
Let y(l) = -l**2 + 22*l + 5. Let p be y(11). Suppose 2*g - p = -g. What is the remainder when g is divided by 11?
9
Let r(t) = -t**2 + 7*t + 10. Calculate the remainder when r(8) is divided by -1 - 2/(-3)*3.
0
Suppose 1 = -2*w + 9. Suppose w*v + 11 = 55. Let y = 3 - -1. Calculate the remainder when v is divided by y.
3
Suppose -x - 4*x - 65 = 0. Let c = -6 - x. What is the remainder when (-1 + (-9)/(-6))*38 is divided by c?
5
Let n be 5 - (-1 - -1 - -3). Let b be (76/(-6))/(n/(-3)). Let y = b + -11. What is the remainder when y is divided by 5?
3
Let d(a) = -2*a + 1. Let y be d(-1). Suppose 8 = 4*s + 4*r, -y*s + 3*r + 20 = -10. Suppose s*h - 32 = 2*h. Calculate the remainder when h is divided by 5.
3
Let x(o) = -o**2 + 8*o - 4. Let i be 5/(-4)*(-8)/2. Calculate the remainder when x(i) is divided by 7 - -4*1/(-4).
5
Suppose -5*v + 93 = -4*o, -11 = 5*o - 1. Calculate the remainder when 27 is divided by v.
10
Let r be (3 - -2) + (-2)/1. Suppose 4*u - d = 2 + 13, 0 = 4*u - r*d - 13. Calculate the remainder when 14 is divided by u.
2
Let m(f) = f**3 + 9*f**2 + 8*f + 13. Let l(b) = 14*b - 3. What is the remainder when l(2) is divided by m(-8)?
12
Suppose 26 = 3*p + 4*o, 0*p - 2*p - 5*o = -8. What is the remainder when 27 is divided by p?
13
Let f = 16 + -14. Suppose -4*b - 2*k + 8 = -6*k, -4 = -k. Suppose b*s - 2*s = 16. Calculate the remainder when s is divided by f.
0
Suppose 2*x + 4*p - 6 - 4 = 0, 2*p = -4*x + 32. Calculate the remainder when x is divided by 4.
1
Suppose 5*n = 3*z - 4*z + 114, -5*n + 130 = 5*z. Let u(h) = 64*h**2. Let c = 9 + -10. Calculate the remainder when u(c) is divided by n.
20
Suppose 1 = n - 1. Suppose -n*p - 3*p = -160. What is the remainder when p is divided by 9?
5
Let v(p) = p + 16. Let c be v(0). Suppose -b - c = -5*b. Suppose -o = b - 11. What is the remainder when o is divided by 3?
1
Let o be (51/3 + 1)*1. Let l be (-2)/9 - (-4)/o. Suppose -7*g + 74 = -2*g + 4*u, l = -2*g + 4*u + 24. What is the remainder when g is divided by 5?
4
Let f(t) = 2*t + 84. What is the remainder when f(0) is divided by 17?
16
Calculate the remainder when 1 + -2 - 2 - (0 - 100) is divided by 11.
9
Suppose 0 = -5*y + 4*y + 15. Let w(s) = 3*s. What is the remainder when (-129)/(-5) + 3/y is divided by w(3)?
8
Suppose -8 = -r - 4. Let x(a) = -2*a - 9. Let s be x(-7). Suppose 4 = 2*t - 4*g, -4*t + 4*g - 26 = -s*t. What is the remainder when t is divided by r?
2
Let t(w) = 43*w - 1. Let u(g) = g**2 - 6*g + 4. Let n be u(5). Let o be t(n). Let y = o + 63. What is the remainder when 37 is divided by y?
18
Let u = -1 + 5. Suppose s + n - 17 = 8, 4 = -u*n. Calculate the remainder when s is divided by 14.
12
Suppose 4*o = 0, -4*b - o + 148 = -2*o. Let y(s) = 7*s - 2. Let n(j) = -j + 1. Let i(x) = -4*n(x) - y(x). Calculate the remainder when b is divided by i(-5).
11
Let h(g) = -g**2 + 10*g - 5. Let d(r) = r**3 - 2*r**2 + 5*r - 6. What is the remainder when d(4) is divided by h(7)?
14
Let m = 15 - 8. What is the remainder when m is divided by 3?
1
Let y be (3/2)/(6/20). Suppose 0*m = y*m - 155. Calculate the remainder when m is divided by 17.
14
Suppose 5*h - 59 = 31. Let i(y) = 6*y + 4. What is the remainder when i(8) is divided by h?
16
Let d = -7 - -5. Let s(v) = v**2 + v + 2. Let c be s(d). Suppose -5*m = -5, -3*m = c*n + 2*m - 73. Calculate the remainder when n is divided by 6.
5
Let s(o) = -4*o - 22. What is the remainder when ((-92)/(-16))/((-2)/(-8)) is divided by s(-7)?
5
Let p(n) = -n**3 + 6*n**2 + 3*n + 21. Calculate the remainder when p(5) is divided by (-4)/(-22) - (-229)/11.
19
Let i(u) = 3 + 6*u**2 - 5*u**3 + 6*u**3 + 2*u**2. Calculate the remainder when i(-8) is divided by 3.
0
Let y = 5 + -5. Suppose y = 5*l + 4 - 29. Suppose -4*u - u + 67 = v, 3*v + 51 = 3*u. What is the remainder when u is divided by l?
4
Let v(z) = -z**2 - 12*z + 21. Calculate the remainder when v(-10) is divided by 15.
11
What is the remainder when 26 is divided by -2 - (-3)/(-6)*-22?
8
L